
{"id":527,"date":"2014-03-10T16:44:55","date_gmt":"2014-03-10T19:44:55","guid":{"rendered":"http:\/\/181.14.240.59\/Portal\/?page_id=527"},"modified":"2022-02-18T10:28:16","modified_gmt":"2022-02-18T13:28:16","slug":"normas-de-competencias","status":"publish","type":"page","link":"http:\/\/portal.empleotucuman.gob.ar\/Portal\/?page_id=527","title":{"rendered":"Normas de Competencias"},"content":{"rendered":"<h3><span style=\"color: #3366ff;\">Calzado<\/span><\/h3>\n<p><strong>Aparador.<\/strong><\/p>\n<p><button class=\"pdf\"><a href=\"http:\/\/181.14.240.59\/Portal\/wp-content\/uploads\/2014\/03\/Calzado_Aparador.pdf\" download><span>Descargar archivo<\/span><\/a><\/button><\/p>\n<p><strong>Armador a mano.<\/strong><\/p>\n<p><button class=\"pdf\"><a href=\"http:\/\/181.14.240.59\/Portal\/wp-content\/uploads\/2014\/03\/Calzado_Armador_A_Mano.pdf\" download><span>Descargar archivo<\/span><\/a><\/button><\/p>\n<p><strong>Cortador.<\/strong><\/p>\n<p><button class=\"pdf\"><a href=\"http:\/\/181.14.240.59\/Portal\/wp-content\/uploads\/2014\/03\/Calzado_Cortador.pdf\" download><span>Descargar archivo<\/span><\/a><\/button><\/p>\n<p><strong>Centrador a m\u00e1quina.<\/strong><\/p>\n<p><button class=\"pdf\"><a href=\"http:\/\/181.14.240.59\/Portal\/wp-content\/uploads\/2014\/03\/Calzado_Centrador_A_Maquina.pdf\" download><span>Descargar archivo<\/span><\/a><\/button><\/p>\n<p><strong>Suelero.<\/strong><\/p>\n<p><button class=\"pdf\"><a href=\"http:\/\/181.14.240.59\/Portal\/wp-content\/uploads\/2014\/03\/Calzado_Suelero.pdf\" download><span>Descargar archivo<\/span><\/a><\/button><\/p>\n<h3><span style=\"color: #3366ff;\">Citr\u00edcola<\/span><\/h3>\n<p><strong>Capataz de cosecha.<\/strong><\/p>\n<p><button class=\"pdf\"><a href=\"http:\/\/181.14.240.59\/Portal\/wp-content\/uploads\/2014\/03\/Citricola_Capataz_Cosecha_Citricola.pdf\" download><span>Descargar archivo<\/span><\/a><\/button><\/p>\n<p><strong>Cosechador citr\u00edcola.<\/strong><\/p>\n<p><button class=\"pdf\"><a href=\"http:\/\/181.14.240.59\/Portal\/wp-content\/uploads\/2014\/03\/Citricola_Cosechador_Citricola.pdf\" download><span>Descargar archivo<\/span><\/a><\/button><\/p>\n<p><strong>Embalador.<\/strong><\/p>\n<p><button class=\"pdf\"><a href=\"http:\/\/181.14.240.59\/Portal\/wp-content\/uploads\/2014\/03\/Citricola_Embalador_Citricola.pdf\" download><span>Descargar archivo<\/span><\/a><\/button><\/p>\n<h3><span style=\"color: #3366ff;\">Construcci\u00f3n<\/span><\/h3>\n<p><strong>Instalador Gasista domiciliario.<\/strong><\/p>\n<p><button class=\"pdf\"><a href=\"http:\/\/181.14.240.59\/Portal\/wp-content\/uploads\/2014\/03\/Construccion_InstaladorGasistaDomiciliario.pdf\" download><span>Descargar archivo<\/span><\/a><\/button><\/p>\n<p><strong>Instalador sanitarista domiciliario.<\/strong><\/p>\n<p><button class=\"pdf\"><a href=\"http:\/\/181.14.240.59\/Portal\/wp-content\/uploads\/2014\/03\/Construccion_InstaladorSanitaristaDomiciliario.pdf\" download><span>Descargar archivo<\/span><\/a><\/button><\/p>\n<p><strong>Operador de mini-cargadora.<\/strong><\/p>\n<p><button class=\"pdf\"><a href=\"http:\/\/181.14.240.59\/Portal\/wp-content\/uploads\/2014\/03\/Construccion_OperadorDeMiniCargadora.pdf\" download><span>Descargar archivo<\/span><\/a><\/button><\/p>\n<p><strong>Operador de retroexcavadora.<\/strong><\/p>\n<p><button class=\"pdf\"><a href=\"http:\/\/181.14.240.59\/Portal\/wp-content\/uploads\/2014\/03\/Construccion_OperadorDeRetroexcavadora.pdf\" download><span>Descargar archivo<\/span><\/a><\/button><\/p>\n<p><strong>Pintor de obra.<\/strong><\/p>\n<p><button class=\"pdf\"><a href=\"http:\/\/181.14.240.59\/Portal\/wp-content\/uploads\/2014\/03\/Construccion_PintorDeObra.pdf\" download><span>Descargar archivo<\/span><\/a><\/button><\/p>\n<p><strong>Soldador por arco con electrodo revestido.<\/strong><\/p>\n<p><button class=\"pdf\"><a href=\"http:\/\/181.14.240.59\/Portal\/wp-content\/uploads\/2014\/03\/Construccion_SoldadorPorARcoElectrodoRevestido.pdf\" download><span>Descargar archivo<\/span><\/a><\/button><\/p>\n<p><strong>Techista de cubiertas de faldones inclinados.<\/strong><\/p>\n<p><button class=\"pdf\"><a href=\"http:\/\/181.14.240.59\/Portal\/wp-content\/uploads\/2014\/03\/Construccion_TechistaDeCubiertasFaldonesInclinados.pdf\" download><span>Descargar archivo<\/span><\/a><\/button><\/p>\n<h3><span style=\"color: #3366ff;\">Contact Center<\/span><\/h3>\n<p><strong>Representaci\u00f3n de atenci\u00f3n al cliente.<\/strong><\/p>\n<p><button class=\"pdf\"><a href=\"http:\/\/181.14.240.59\/Portal\/wp-content\/uploads\/2014\/03\/ContactCenter_RepresentanteAtencionAlCliente.pdf\" download><span>Descargar archivo<\/span><\/a><\/button><\/p>\n<p><strong>Representante de atenci\u00f3n al cliente en soporte t\u00e9cnico.<\/strong><\/p>\n<p><button class=\"pdf\"><a href=\"http:\/\/181.14.240.59\/Portal\/wp-content\/uploads\/2014\/03\/ContactCenter_RepresentanteAtencionAlClienteSoporteTecnico.pdf\" download><span>Descargar archivo<\/span><\/a><\/button><\/p>\n<h3><span style=\"color: #3366ff;\">Energ\u00eda El\u00e9ctrica<\/span><\/h3>\n<p><strong>Electricista MT\/BT \u201cA\u201d.<\/strong><\/p>\n<p><button class=\"pdf\"><a href=\"http:\/\/181.14.240.59\/Portal\/wp-content\/uploads\/2014\/03\/EnergiaElectrica_ElectricistaMTBT_A.pdf\" download><span>Descargar archivo<\/span><\/a><\/button><\/p>\n<p><strong>Electricista MT\/BT \u201cB\u201d.<\/strong><\/p>\n<p><button class=\"pdf\"><a href=\"http:\/\/181.14.240.59\/Portal\/wp-content\/uploads\/2014\/03\/EnergiaElectrica_ElectricistaMTBT_B.pdf\" download><span>Descargar archivo<\/span><\/a><\/button><\/p>\n<p><strong>Electricista MT\/BT \u201cC\u201d.<\/strong><\/p>\n<p><button class=\"pdf\"><a href=\"http:\/\/181.14.240.59\/Portal\/wp-content\/uploads\/2014\/03\/EnergiaElectrica_ElectricistaMTBT_C.pdf\" download><span>Descargar archivo<\/span><\/a><\/button><\/p>\n<h3><span style=\"color: #3366ff;\">Estaciones de Servicio<\/span><\/h3>\n<p><strong>Empleado administrativo.<\/strong><\/p>\n<p><button class=\"pdf\"><a href=\"http:\/\/181.14.240.59\/Portal\/wp-content\/uploads\/2014\/03\/EstacionesServicios_EmpleadoAdministrativo.pdf\" download><span>Descargar archivo<\/span><\/a><\/button><\/p>\n<p><strong>Empleado de mini-mercado.<\/strong><\/p>\n<p><button class=\"pdf\"><a href=\"http:\/\/181.14.240.59\/Portal\/wp-content\/uploads\/2014\/03\/EstacionesServicios_EmpleadoMiniMercado.pdf\" download><span>Descargar archivo<\/span><\/a><\/button><\/p>\n<p><strong>Gerente de estaciones de servicio.<\/strong><\/p>\n<p><button class=\"pdf\"><a href=\"http:\/\/181.14.240.59\/Portal\/wp-content\/uploads\/2014\/03\/EstacionesServicios_GerenteDeEstacionesServicios.pdf\" download><span>Descargar archivo<\/span><\/a><\/button><\/p>\n<p><strong>Operador del centro de lubricaci\u00f3n.<\/strong><\/p>\n<p><button class=\"pdf\"><a href=\"http:\/\/181.14.240.59\/Portal\/wp-content\/uploads\/2014\/03\/EstacionesServicios_OperadorCentroLubricacion.pdf\" download><span>Descargar archivo<\/span><\/a><\/button><\/p>\n<h3><span style=\"color: #3366ff;\">Forestal<\/span><\/h3>\n<p><strong>Aplicador de agroqu\u00edmicos.<\/strong><\/p>\n<p><button class=\"pdf\"><a href=\"http:\/\/181.14.240.59\/Portal\/wp-content\/uploads\/2014\/03\/Forestal_AplicadorDeAgroquimicos.pdf\" download><span>Descargar archivo<\/span><\/a><\/button><\/p>\n<p><strong>Combatiente de incendios forestales.<\/strong><\/p>\n<p><button class=\"pdf\"><a href=\"http:\/\/181.14.240.59\/Portal\/wp-content\/uploads\/2014\/03\/Forestal_CombatienteIncendiosForestales.pdf\" download><span>Descargar archivo<\/span><\/a><\/button><\/p>\n<p><strong>Encargado de cosecha.<\/strong><\/p>\n<p><button class=\"pdf\"><a href=\"http:\/\/181.14.240.59\/Portal\/wp-content\/uploads\/2014\/03\/Forestal_EncargadoDeCosecha.pdf\" download><span>Descargar archivo<\/span><\/a><\/button><\/p>\n<p><strong>Encargado de silvicultura.<\/strong><\/p>\n<p><button class=\"pdf\"><a href=\"http:\/\/181.14.240.59\/Portal\/wp-content\/uploads\/2014\/03\/Forestal_EncargadoDeSilvicultura.pdf\" download><span>Descargar archivo<\/span><\/a><\/button><\/p>\n<p><strong>Motosierrista.<\/strong><\/p>\n<p><button class=\"pdf\"><a href=\"http:\/\/181.14.240.59\/Portal\/wp-content\/uploads\/2014\/03\/Forestal_Motosierrista.pdf\" download><span>Descargar archivo<\/span><\/a><\/button><\/p>\n<p><strong>Operador de m\u00e1quina de extracci\u00f3n y\/o carga.<\/strong><\/p>\n<p><button class=\"pdf\"><a href=\"http:\/\/181.14.240.59\/Portal\/wp-content\/uploads\/2014\/03\/Forestal_OperadorMaquinaDeExtraccionYCarga.pdf\" download><span>Descargar archivo<\/span><\/a><\/button><\/p>\n<p><strong>Plantador.<\/strong><\/p>\n<p><button class=\"pdf\"><a href=\"http:\/\/181.14.240.59\/Portal\/wp-content\/uploads\/2014\/03\/Forestal_Plantador.pdf\" download><span>Descargar archivo<\/span><\/a><\/button><\/p>\n<p><strong>Podador.<\/strong><\/p>\n<p><button class=\"pdf\"><a href=\"http:\/\/181.14.240.59\/Portal\/wp-content\/uploads\/2014\/03\/Forestal_Podador.pdf\" download><span>Descargar archivo<\/span><\/a><\/button><\/p>\n<p><strong>Preparador de agroqu\u00edmicos.<\/strong><\/p>\n<p><button class=\"pdf\"><a href=\"http:\/\/181.14.240.59\/Portal\/wp-content\/uploads\/2014\/03\/Forestal_PreparadorAgroquimicos.pdf\" download><span>Descargar archivo<\/span><\/a><\/button><\/p>\n<h3><span style=\"color: #3366ff;\">Frigor\u00edfico<\/span><\/h3>\n<p><strong>Administrativo de producci\u00f3n.<\/strong><\/p>\n<p><button class=\"pdf\"><a href=\"http:\/\/181.14.240.59\/Portal\/wp-content\/uploads\/2014\/03\/Frigorifico_AdministrativoProduccion.pdf\" download><span>Descargar archivo<\/span><\/a><\/button><\/p>\n<p><strong>Asistente de calidad.<\/strong><\/p>\n<p><button class=\"pdf\"><a href=\"http:\/\/181.14.240.59\/Portal\/wp-content\/uploads\/2014\/03\/Frigorifico_AsistenteDeCalidad.pdf\" download><span>Descargar archivo<\/span><\/a><\/button><\/p>\n<p><strong>Auxiliar de cuchillo.<\/strong><\/p>\n<p><button class=\"pdf\"><a href=\"http:\/\/181.14.240.59\/Portal\/wp-content\/uploads\/2014\/03\/Frigorifico_AuxiliarDeCuchillo.pdf\" download><span>Descargar archivo<\/span><\/a><\/button><\/p>\n<p><strong>Ayudante de veterinaria.<\/strong><\/p>\n<p><button class=\"pdf\"><a href=\"http:\/\/181.14.240.59\/Portal\/wp-content\/uploads\/2014\/03\/Frigorifico_AyudanteDeVeterinaria.pdf\" download><span>Descargar archivo<\/span><\/a><\/button><\/p>\n<p><strong>Camarero de cajas.<\/strong><\/p>\n<p><button class=\"pdf\"><a href=\"http:\/\/181.14.240.59\/Portal\/wp-content\/uploads\/2014\/03\/Frigorifico_CamareroDeCajas.pdf\" download><span>Descargar archivo<\/span><\/a><\/button><\/p>\n<p><strong>Camarero de carne con hueso.<\/strong><\/p>\n<p><button class=\"pdf\"><a href=\"http:\/\/181.14.240.59\/Portal\/wp-content\/uploads\/2014\/03\/Frigorifico_CamareroDeCarneConHuesos.pdf\" download><span>Descargar archivo<\/span><\/a><\/button><\/p>\n<p><strong>Charqueador.<\/strong><\/p>\n<p><button class=\"pdf\"><a href=\"http:\/\/181.14.240.59\/Portal\/wp-content\/uploads\/2014\/03\/Frigorifico_Charqueador.pdf\" download><span>Descargar archivo<\/span><\/a><\/button><\/p>\n<p><strong>Charqueador Porcinos.<\/strong><\/p>\n<p><button class=\"pdf\"><a href=\"http:\/\/181.14.240.59\/Portal\/wp-content\/uploads\/2014\/03\/Frigorifico_CharqueadorPorcinos.pdf\" download><span>Descargar archivo<\/span><\/a><\/button><\/p>\n<p><strong>Corralero,<\/strong><\/p>\n<p><button class=\"pdf\"><a href=\"http:\/\/181.14.240.59\/Portal\/wp-content\/uploads\/2014\/03\/Frigorifico_Corralero.pdf\" download><span>Descargar archivo<\/span><\/a><\/button><\/p>\n<p><strong>Cortador.<\/strong><\/p>\n<p><button class=\"pdf\"><a href=\"http:\/\/181.14.240.59\/Portal\/wp-content\/uploads\/2014\/03\/Frigorifico_CortadorDeCerdos.pdf\" download><span>Descargar archivo<\/span><\/a><\/button><\/p>\n<p><strong>Cuereador.<\/strong><\/p>\n<p><button class=\"pdf\"><a href=\"http:\/\/181.14.240.59\/Portal\/wp-content\/uploads\/2014\/03\/Frigorifico_Cuereador.pdf\" download><span>Descargar archivo<\/span><\/a><\/button><\/p>\n<p><strong>Despanzador.<\/strong><\/p>\n<p><button class=\"pdf\"><a href=\"http:\/\/181.14.240.59\/Portal\/wp-content\/uploads\/2014\/03\/Frigorifico_Despanzador.pdf\" download><span>Descargar archivo<\/span><\/a><\/button><\/p>\n<p><strong>Despostador.<\/strong><\/p>\n<p><button class=\"pdf\"><a href=\"http:\/\/181.14.240.59\/Portal\/wp-content\/uploads\/2014\/03\/Frigorifico_Despostador.pdf\" download><span>Descargar archivo<\/span><\/a><\/button><\/p>\n<p><strong>Empacador.<\/strong><\/p>\n<p><button class=\"pdf\"><a href=\"http:\/\/181.14.240.59\/Portal\/wp-content\/uploads\/2014\/03\/Frigorifico_Empacador.pdf\" download><span>Descargar archivo<\/span><\/a><\/button><\/p>\n<p><strong>Eviscerador porcino.<\/strong><\/p>\n<p><button class=\"pdf\"><a href=\"http:\/\/181.14.240.59\/Portal\/wp-content\/uploads\/2014\/03\/Frigorifico_EvisceradorPorcino.pdf\" download><span>Descargar archivo<\/span><\/a><\/button><\/p>\n<p><strong>Operario de limpieza y sanitizaci\u00f3n.<\/strong><\/p>\n<p><button class=\"pdf\"><a href=\"http:\/\/181.14.240.59\/Portal\/wp-content\/uploads\/2014\/03\/Frigorifico_OperarioDeLimpiezaYSanitizacion.pdf\" download><span>Descargar archivo<\/span><\/a><\/button><\/p>\n<p><strong>Operario de matanza porcina.<\/strong><\/p>\n<p><button class=\"pdf\"><a href=\"http:\/\/181.14.240.59\/Portal\/wp-content\/uploads\/2014\/03\/Frigorifico_OperarioDeMatanzaPorcino.pdf\" download><span>Descargar archivo<\/span><\/a><\/button><\/p>\n<p><strong>Operario de menudencias rojas.<\/strong><\/p>\n<p><button class=\"pdf\"><a href=\"http:\/\/181.14.240.59\/Portal\/wp-content\/uploads\/2014\/03\/Frigorifico_OperarioDeMenudenciasRojas.pdf\" download><span>Descargar archivo<\/span><\/a><\/button><\/p>\n<p><strong>Operario de mondonguer\u00eda.<\/strong><\/p>\n<p><button class=\"pdf\"><a href=\"http:\/\/181.14.240.59\/Portal\/wp-content\/uploads\/2014\/03\/Frigorifico_OperarioDeMondongueria.pdf\" download><span>Descargar archivo<\/span><\/a><\/button><\/p>\n<p><strong>Operario de triper\u00eda.<\/strong><\/p>\n<p><button class=\"pdf\"><a href=\"http:\/\/181.14.240.59\/Portal\/wp-content\/uploads\/2014\/03\/Frigorifico_OperarioDeTriperia.pdf\" download><span>Descargar archivo<\/span><\/a><\/button><\/p>\n<p><strong>Operario zona sucia.<\/strong><\/p>\n<p><button class=\"pdf\"><a href=\"http:\/\/181.14.240.59\/Portal\/wp-content\/uploads\/2014\/03\/Frigorifico_OperarioDeZonaSucia.pdf\" download><span>Descargar archivo<\/span><\/a><\/button><\/p>\n<p><strong>Pelador de reces porcinas.<\/strong><\/p>\n<p><button class=\"pdf\"><a href=\"http:\/\/181.14.240.59\/Portal\/wp-content\/uploads\/2014\/03\/Frigorifico_PeladorDeResesPorcinas.pdf\" download><span>Descargar archivo<\/span><\/a><\/button><\/p>\n<p><strong>Sierrista de playa.<\/strong><\/p>\n<p><button class=\"pdf\"><a href=\"http:\/\/181.14.240.59\/Portal\/wp-content\/uploads\/2014\/03\/Frigorifico_SierristaDePlaya.pdf\" download><span>Descargar archivo<\/span><\/a><\/button><\/p>\n<p><strong>Supervisor de despostada.<\/strong><\/p>\n<p><button class=\"pdf\"><a href=\"http:\/\/181.14.240.59\/Portal\/wp-content\/uploads\/2014\/03\/Frigorifico_SupervisorDeDepostada.pdf\" download><span>Descargar archivo<\/span><\/a><\/button><\/p>\n","protected":false},"excerpt":{"rendered":"<p>Calzado Aparador. Armador a mano. Cortador. Centrador a m\u00e1quina. Suelero. Citr\u00edcola Capataz de cosecha. Cosechador citr\u00edcola. Embalador. Construcci\u00f3n Instalador Gasista domiciliario. Instalador sanitarista domiciliario. Operador de mini-cargadora. Operador de retroexcavadora. Pintor de obra. Soldador por arco con electrodo revestido. Techista de cubiertas de faldones inclinados. Contact Center Representaci\u00f3n de atenci\u00f3n al cliente. Representante de atenci\u00f3n [&hellip;]<\/p>\n","protected":false},"author":12,"featured_media":0,"parent":21,"menu_order":180,"comment_status":"open","ping_status":"open","template":"","meta":[],"_links":{"self":[{"href":"http:\/\/portal.empleotucuman.gob.ar\/Portal\/index.php?rest_route=\/wp\/v2\/pages\/527"}],"collection":[{"href":"http:\/\/portal.empleotucuman.gob.ar\/Portal\/index.php?rest_route=\/wp\/v2\/pages"}],"about":[{"href":"http:\/\/portal.empleotucuman.gob.ar\/Portal\/index.php?rest_route=\/wp\/v2\/types\/page"}],"author":[{"embeddable":true,"href":"http:\/\/portal.empleotucuman.gob.ar\/Portal\/index.php?rest_route=\/wp\/v2\/users\/12"}],"replies":[{"embeddable":true,"href":"http:\/\/portal.empleotucuman.gob.ar\/Portal\/index.php?rest_route=%2Fwp%2Fv2%2Fcomments&post=527"}],"version-history":[{"count":13,"href":"http:\/\/portal.empleotucuman.gob.ar\/Portal\/index.php?rest_route=\/wp\/v2\/pages\/527\/revisions"}],"predecessor-version":[{"id":12533,"href":"http:\/\/portal.empleotucuman.gob.ar\/Portal\/index.php?rest_route=\/wp\/v2\/pages\/527\/revisions\/12533"}],"up":[{"embeddable":true,"href":"http:\/\/portal.empleotucuman.gob.ar\/Portal\/index.php?rest_route=\/wp\/v2\/pages\/21"}],"wp:attachment":[{"href":"http:\/\/portal.empleotucuman.gob.ar\/Portal\/index.php?rest_route=%2Fwp%2Fv2%2Fmedia&parent=527"}],"curies":[{"name":"wp","href":"https:\/\/api.w.org\/{rel}","templated":true}]}}