
{"id":3349,"date":"2016-07-02T05:50:32","date_gmt":"2016-07-02T08:50:32","guid":{"rendered":"http:\/\/181.14.240.59\/Portal\/?page_id=3349"},"modified":"2016-07-04T21:01:14","modified_gmt":"2016-07-05T00:01:14","slug":"clave-fiscal","status":"publish","type":"page","link":"http:\/\/portal.empleotucuman.gob.ar\/Portal\/?page_id=3349","title":{"rendered":"Clave Fiscal"},"content":{"rendered":"<blockquote><p>La Clave Fiscal es una forma de identificaci\u00f3n que permite realizar transferencias de datos hacia la AFIP a trav\u00e9s de la p\u00e1gina web del organismo. La Clave Fiscal consta de un \u00abUsuario\u00bb y una \u00abContrase\u00f1a\u00bb. El Usuario est\u00e1 dado por su N\u00famero de CUIT o CUIT.<\/p><\/blockquote>\n<p><strong>Pasos a seguir:<\/strong><\/p>\n<p><strong>a)\u00a0\u00a0<\/strong>\u00a0 Electr\u00f3nico: la solicitud se efect\u00faa a trav\u00e9s de \u00abInternet\u00bb (<a href=\"http:\/\/www.afip.gov.ar\" target=\"_blank\">http:\/\/www.afip.gov.ar<\/a>). Al ingresar el n\u00famero de identificaci\u00f3n -Clave \u00danica de Identificaci\u00f3n Tributaria (C.U.I.T.), C\u00f3digo Unico de Identificaci\u00f3n Laboral (C.U.I.L.) o Clave de Identificaci\u00f3n (C.D.I.)- se asigna la \u00abClave Fiscal\u00bb previa verificaci\u00f3n de la validez de estos datos y de que no posea una \u00abClave Fiscal\u00bb vigente:<\/p>\n<ul>\n<li>Consignar los datos requeridos en el formulario de solicitud de \u00abClave Fiscal\u00bb<\/li>\n<li>Seleccionar la \u00abClave Fiscal\u00bb a utilizar.<\/li>\n<li>Imprimir a trav\u00e9s del equipamiento inform\u00e1tico el formulario N\u00b0 3282 de \u00abSolicitud de Usuario y Selecci\u00f3n de Clave Fiscal\u00bb.<\/li>\n<li>Concurrir a una dependencia de esta Administraci\u00f3n Federal para realizar el tr\u00e1mite de habilitaci\u00f3n con el formulario N\u00b0 3282 -sin firmar- y la documentaci\u00f3n exigida, seg\u00fan el sujeto de que se trate, para el tr\u00e1mite presencial.<\/li>\n<\/ul>\n<p><strong>b)\u00a0\u00a0<\/strong>\u00a0 Presencial: el solicitante deber\u00e1 constituirse personalmente en una dependencia de esta Administraci\u00f3n Federal y acreditar su identidad mediante la presentaci\u00f3n de los documentos que, en cada caso, se indican a continuaci\u00f3n:<\/p>\n<ul>\n<li>Argentinos nativos o naturalizados y extranjeros: original y fotocopia del documento nacional de identidad, libreta c\u00edvica o libreta de enrolamiento y documento de identidad del pa\u00eds de origen, pasaporte o c\u00e9dula del MERCOSUR de tratarse de un pa\u00eds lim\u00edtrofe.<\/li>\n<li>Extranjeros con residencia en el pa\u00eds -incluida la temporaria o transitoria- que no posean documento nacional de identidad: original y fotocopia de la c\u00e9dula de identidad, o del certificado o comprobante que acredite el n\u00famero de expediente asignado por la Direcci\u00f3n Nacional de Migraciones, donde conste el car\u00e1cter de su residencia.<\/li>\n<li>Administrador de Relaciones Apoderado: adem\u00e1s de los elementos citados en el punto 1. presentar\u00e1n una nota confeccionada en los t\u00e9rminos de la Resoluci\u00f3n General N\u00b0 1.128, invocando alguna de las causales de excepci\u00f3n v\u00e1lidas y adjuntando la documentaci\u00f3n que, para cada caso, se detalla a continuaci\u00f3n:<\/li>\n<\/ul>\n<p>&#8211; Poder otorgado por causal de discapacidad: copia del Certificado Unico de Discapacidad obtenido en virtud de lo dispuesto por las Leyes N\u00b0 22.431 y N\u00b0 24.901.<\/p>\n<p>&#8211; Poder otorgado por causal de incapacidad f\u00edsica temporal: Certificado M\u00e9dico que justifique fehacientemente dicha situaci\u00f3n.<\/p>\n<p>&#8211; Poder otorgado por causal de residencia en el exterior: copia del Certificado de Residencia en el Exterior legalizado por Canciller\u00eda, dependiente del Ministerio de Relaciones Exteriores, Comercio Internacional y Culto de la Naci\u00f3n, con la pertinente traducci\u00f3n efectuada por traductor p\u00fablico y refrendada la firma de \u00e9ste \u00faltimo en el Colegio P\u00fablico de Traductores, de corresponder.<\/p>\n<p>Organismo a cargo: <strong>AFIP.<\/strong><\/p>\n","protected":false},"excerpt":{"rendered":"<p>La Clave Fiscal es una forma de identificaci\u00f3n que permite realizar transferencias de datos hacia la AFIP a trav\u00e9s de la p\u00e1gina web del organismo. La Clave Fiscal consta de un \u00abUsuario\u00bb y una \u00abContrase\u00f1a\u00bb. El Usuario est\u00e1 dado por su N\u00famero de CUIT o CUIT. Pasos a seguir: a)\u00a0\u00a0\u00a0 Electr\u00f3nico: la solicitud se efect\u00faa [&hellip;]<\/p>\n","protected":false},"author":12,"featured_media":0,"parent":3308,"menu_order":107,"comment_status":"open","ping_status":"open","template":"","meta":[],"_links":{"self":[{"href":"http:\/\/portal.empleotucuman.gob.ar\/Portal\/index.php?rest_route=\/wp\/v2\/pages\/3349"}],"collection":[{"href":"http:\/\/portal.empleotucuman.gob.ar\/Portal\/index.php?rest_route=\/wp\/v2\/pages"}],"about":[{"href":"http:\/\/portal.empleotucuman.gob.ar\/Portal\/index.php?rest_route=\/wp\/v2\/types\/page"}],"author":[{"embeddable":true,"href":"http:\/\/portal.empleotucuman.gob.ar\/Portal\/index.php?rest_route=\/wp\/v2\/users\/12"}],"replies":[{"embeddable":true,"href":"http:\/\/portal.empleotucuman.gob.ar\/Portal\/index.php?rest_route=%2Fwp%2Fv2%2Fcomments&post=3349"}],"version-history":[{"count":0,"href":"http:\/\/portal.empleotucuman.gob.ar\/Portal\/index.php?rest_route=\/wp\/v2\/pages\/3349\/revisions"}],"up":[{"embeddable":true,"href":"http:\/\/portal.empleotucuman.gob.ar\/Portal\/index.php?rest_route=\/wp\/v2\/pages\/3308"}],"wp:attachment":[{"href":"http:\/\/portal.empleotucuman.gob.ar\/Portal\/index.php?rest_route=%2Fwp%2Fv2%2Fmedia&parent=3349"}],"curies":[{"name":"wp","href":"https:\/\/api.w.org\/{rel}","templated":true}]}}