
{"id":3331,"date":"2016-07-02T05:27:32","date_gmt":"2016-07-02T08:27:32","guid":{"rendered":"http:\/\/181.14.240.59\/Portal\/?page_id=3331"},"modified":"2017-12-07T09:38:13","modified_gmt":"2017-12-07T12:38:13","slug":"impositivos","status":"publish","type":"page","link":"http:\/\/portal.empleotucuman.gob.ar\/Portal\/?page_id=3331","title":{"rendered":"Impositivos"},"content":{"rendered":"<p>Una vez completados todos los tr\u00e1mites en AFIP y Rentas de la Provincia se \u00a0debe continuar con la inscripci\u00f3n en los Tributos Municipales.<\/p>\n<p>El Tributo Municipal es obligatorio para los negocios con atenci\u00f3n al p\u00fablico y m\u00e1s a\u00fan si elaboran o venden productos alimenticios, bebidas alcoh\u00f3licas, inflamables, pirotecnia, etc.<\/p>\n<p>Si el emprendimiento est\u00e1 radicado en la Capital debe realizar el tr\u00e1mite en la Municipalidad de San Miguel de Tucum\u00e1n \u00a0y si es del interior en el Municipio o Comuna que le corresponda.<\/p>\n<p>Los tributos municipales de la Municipalidad de San Miguel de Tucum\u00e1n son:<\/p>\n<ul>\n<li>Tributo de Emergencia Municipal (TEM)<\/li>\n<li>Tributo de Publicidad y Propaganda (P y P)<\/li>\n<li>\u00a0Contribuci\u00f3n que Incide Sobre los Inmuebles<\/li>\n<li>Contribuci\u00f3n que Incide sobre la actividad comercial, industrial y de servicios<\/li>\n<li>Contribuci\u00f3n que Incide sobre las diversiones y espect\u00e1culos p\u00fablicos.<\/li>\n<li>Contribuci\u00f3n que Inciden sobre la ocupaci\u00f3n y el comercio<\/li>\n<li>\u00a0Contribuci\u00f3n que incide sobre automotores, acoplados y similares<\/li>\n<li>Contribuci\u00f3n que inciden sobre la ocupaci\u00f3n de los espacios de dominio p\u00fablico<\/li>\n<li>Contribuciones que inciden sobre ferias y remates<\/li>\n<li>Derechos de inspecci\u00f3n veterinaria y de control higi\u00e9nico de productos que se introduzcan en el municipio<\/li>\n<li>Derechos de inspecci\u00f3n y control de pesas y medidas<\/li>\n<li>Inspecci\u00f3n sanitaria animal<\/li>\n<\/ul>\n<p>Elija la opci\u00f3n:<\/p>\n<ul>\n<li><a href=\"http:\/\/181.14.240.59\/Portal\/?page_id=3654\" target=\"_blank\" rel=\"noopener\">Empadronamiento muncipal de tributos<\/a><\/li>\n<\/ul>\n","protected":false},"excerpt":{"rendered":"<p>Una vez completados todos los tr\u00e1mites en AFIP y Rentas de la Provincia se \u00a0debe continuar con la inscripci\u00f3n en los Tributos Municipales. El Tributo Municipal es obligatorio para los negocios con atenci\u00f3n al p\u00fablico y m\u00e1s a\u00fan si elaboran o venden productos alimenticios, bebidas alcoh\u00f3licas, inflamables, pirotecnia, etc. Si el emprendimiento est\u00e1 radicado en [&hellip;]<\/p>\n","protected":false},"author":12,"featured_media":0,"parent":3303,"menu_order":119,"comment_status":"open","ping_status":"open","template":"","meta":[],"_links":{"self":[{"href":"http:\/\/portal.empleotucuman.gob.ar\/Portal\/index.php?rest_route=\/wp\/v2\/pages\/3331"}],"collection":[{"href":"http:\/\/portal.empleotucuman.gob.ar\/Portal\/index.php?rest_route=\/wp\/v2\/pages"}],"about":[{"href":"http:\/\/portal.empleotucuman.gob.ar\/Portal\/index.php?rest_route=\/wp\/v2\/types\/page"}],"author":[{"embeddable":true,"href":"http:\/\/portal.empleotucuman.gob.ar\/Portal\/index.php?rest_route=\/wp\/v2\/users\/12"}],"replies":[{"embeddable":true,"href":"http:\/\/portal.empleotucuman.gob.ar\/Portal\/index.php?rest_route=%2Fwp%2Fv2%2Fcomments&post=3331"}],"version-history":[{"count":2,"href":"http:\/\/portal.empleotucuman.gob.ar\/Portal\/index.php?rest_route=\/wp\/v2\/pages\/3331\/revisions"}],"predecessor-version":[{"id":6846,"href":"http:\/\/portal.empleotucuman.gob.ar\/Portal\/index.php?rest_route=\/wp\/v2\/pages\/3331\/revisions\/6846"}],"up":[{"embeddable":true,"href":"http:\/\/portal.empleotucuman.gob.ar\/Portal\/index.php?rest_route=\/wp\/v2\/pages\/3303"}],"wp:attachment":[{"href":"http:\/\/portal.empleotucuman.gob.ar\/Portal\/index.php?rest_route=%2Fwp%2Fv2%2Fmedia&parent=3331"}],"curies":[{"name":"wp","href":"https:\/\/api.w.org\/{rel}","templated":true}]}}