
{"id":274,"date":"2014-03-07T12:01:00","date_gmt":"2014-03-07T15:01:00","guid":{"rendered":"http:\/\/181.14.240.59\/Portal\/?page_id=274"},"modified":"2024-12-13T09:30:26","modified_gmt":"2024-12-13T12:30:26","slug":"acciones-de-entrenamiento-para-el-trabajo","status":"publish","type":"page","link":"http:\/\/portal.empleotucuman.gob.ar\/Portal\/?page_id=274","title":{"rendered":"Acciones de Entrenamiento para el Trabajo"},"content":{"rendered":"<p>Estas pol\u00edticas de acci\u00f3n tiene el Objetivo de mejorar las condiciones de los trabajadores desocupados mediante el desarrollo de pr\u00e1cticas de formaci\u00f3n, enriqueciendo las habilidades y destrezas de los mismos.<\/p>\n<h3>\u00bfQui\u00e9nes pueden realizar Acciones de Entrenamiento para el trabajo?<\/h3>\n<ul>\n<li>FOMENTAR con prioridad 1 0 2.<\/li>\n<li>PROG.R.ES.AR.<\/li>\n<li>Programa Volver al Trabajo (VAT).<\/li>\n<li>Beneficiarios de PROMOVER<\/li>\n<li>Desocupados egresados de un curso de formaci\u00f3n profesional dictados por la STEySS.<\/li>\n<\/ul>\n<h3>\u00bfQu\u00e9 es un Entrenamiento en un puesto de trabajo?<\/h3>\n<p>Se trata de un aprendizaje te\u00f3rico-pr\u00e1ctico en un ambiente de trabajo, cuya duraci\u00f3n es de hasta 6 meses.<\/p>\n<h3>\u00bfCu\u00e1les son las obligaciones de los destinatarios?<\/h3>\n<ul>\n<li>Desarrollar las actividades.<\/li>\n<li>Cumplir con el horario de 20 horas semanales. De lunes a viernes entre las 5:00 y 22:00 horas.<\/li>\n<\/ul>\n<h3>\u00bfCu\u00e1les son las obligaciones generales de su EMPRESA?<\/h3>\n<ul>\n<li>Brindar entrenamiento te\u00f3rico-pr\u00e1ctico.<\/li>\n<li>Insumos, herramientas y ropa de trabajo. Infraestructura edilicia y equipamiento.<\/li>\n<li>Normas de seguridad. Tutor\u00edas (1 tutor cada 10 participantes).<\/li>\n<li>Entregar Certificado.<\/li>\n<\/ul>\n<p>Los Beneficiarios entrenantes percibir\u00e1n $190.000 mensuales por esta acci\u00f3n. Dicho pago estar\u00e1 a cargo seg\u00fan el tipo de empresa y se detalla a continuaci\u00f3n:<\/p>\n<p><span style=\"color: #3366ff;\"><strong>GENERAL<\/strong><\/span><\/p>\n<table style=\"height: 184px;\" border=\"0\" width=\"767\" cellspacing=\"0\" cellpadding=\"0\">\n<tbody>\n<tr>\n<th>Tipos de Empresas<\/th>\n<th>A Cargo del Estado<\/th>\n<th>A cargo de la Empresa<\/th>\n<\/tr>\n<tr>\n<td>Micro empresa<br \/>\n(0 a 5 trabajadores)<\/td>\n<td>$190.000<\/td>\n<td>$0<\/td>\n<\/tr>\n<tr>\n<td>Peque\u00f1as<br \/>\n(6 a 15 trabajadores)<\/td>\n<td>$160.000<\/td>\n<td>$30.000<\/td>\n<\/tr>\n<tr>\n<td>Medianas<br \/>\n(16 a 80 trabajadores)<\/td>\n<td>$160.000<\/td>\n<td>$30.000<\/td>\n<\/tr>\n<tr>\n<td>Grandes<br \/>\n(+81 trabajadores)<\/td>\n<td>$105.000<\/td>\n<td>$85.000<\/td>\n<\/tr>\n<\/tbody>\n<\/table>\n<p>Una vez finalizada la etapa de Entrenamiento para el Trabajo, su empresa tiene la posibilidad de optar por el Programa de Inserci\u00f3n Laboral.<\/p>\n<blockquote><p>Por m\u00e1s informaci\u00f3n o solicitar promotor comun\u00edcate al (0381) 422-8420\/08<\/p><\/blockquote>\n","protected":false},"excerpt":{"rendered":"<p>Estas pol\u00edticas de acci\u00f3n tiene el Objetivo de mejorar las condiciones de los trabajadores desocupados mediante el desarrollo de pr\u00e1cticas de formaci\u00f3n, enriqueciendo las habilidades y destrezas de los mismos. \u00bfQui\u00e9nes pueden realizar Acciones de Entrenamiento para el trabajo? FOMENTAR con prioridad 1 0 2. PROG.R.ES.AR. Programa Volver al Trabajo (VAT). Beneficiarios de PROMOVER Desocupados [&hellip;]<\/p>\n","protected":false},"author":12,"featured_media":0,"parent":19,"menu_order":189,"comment_status":"open","ping_status":"closed","template":"","meta":[],"_links":{"self":[{"href":"http:\/\/portal.empleotucuman.gob.ar\/Portal\/index.php?rest_route=\/wp\/v2\/pages\/274"}],"collection":[{"href":"http:\/\/portal.empleotucuman.gob.ar\/Portal\/index.php?rest_route=\/wp\/v2\/pages"}],"about":[{"href":"http:\/\/portal.empleotucuman.gob.ar\/Portal\/index.php?rest_route=\/wp\/v2\/types\/page"}],"author":[{"embeddable":true,"href":"http:\/\/portal.empleotucuman.gob.ar\/Portal\/index.php?rest_route=\/wp\/v2\/users\/12"}],"replies":[{"embeddable":true,"href":"http:\/\/portal.empleotucuman.gob.ar\/Portal\/index.php?rest_route=%2Fwp%2Fv2%2Fcomments&post=274"}],"version-history":[{"count":18,"href":"http:\/\/portal.empleotucuman.gob.ar\/Portal\/index.php?rest_route=\/wp\/v2\/pages\/274\/revisions"}],"predecessor-version":[{"id":14363,"href":"http:\/\/portal.empleotucuman.gob.ar\/Portal\/index.php?rest_route=\/wp\/v2\/pages\/274\/revisions\/14363"}],"up":[{"embeddable":true,"href":"http:\/\/portal.empleotucuman.gob.ar\/Portal\/index.php?rest_route=\/wp\/v2\/pages\/19"}],"wp:attachment":[{"href":"http:\/\/portal.empleotucuman.gob.ar\/Portal\/index.php?rest_route=%2Fwp%2Fv2%2Fmedia&parent=274"}],"curies":[{"name":"wp","href":"https:\/\/api.w.org\/{rel}","templated":true}]}}