
{"id":218,"date":"2014-03-06T17:49:21","date_gmt":"2014-03-06T20:49:21","guid":{"rendered":"http:\/\/181.14.240.59\/Portal\/?page_id=218"},"modified":"2014-10-22T15:51:49","modified_gmt":"2014-10-22T18:51:49","slug":"centro-de-atencion-al-desarrollo-emprendedor","status":"publish","type":"page","link":"http:\/\/portal.empleotucuman.gob.ar\/Portal\/?page_id=218","title":{"rendered":"Proyectos de Centro de Servicios"},"content":{"rendered":"<p><em>L\u00ednea de Entramados Productivos Locales<\/em><\/p>\n<blockquote>\n<h2>Objetivos<\/h2>\n<p align=\"left\">Espacios orientados a brindar asistencia t\u00e9cnica y capacitaci\u00f3n, destinadas a proveer servicios que intervienen en el proceso de producci\u00f3n de las actividades de los peque\u00f1os productores y microempresarios locales. Los servicios\u00a0 ofrecidos deben resultar accesibles para sus destinatarios.<\/p>\n<\/blockquote>\n<h3 align=\"left\">Destinatarios<\/h3>\n<ul>\n<li>Peque\u00f1os productores.<\/li>\n<li>Microempresarios.<\/li>\n<li>Trabajadores desocupados.<\/li>\n<li>Trabajadores independientes.<\/li>\n<\/ul>\n<h3 align=\"left\">Beneficios<\/h3>\n<ul>\n<li>Apoyo en la formulaci\u00f3n de la idea proyecto.<\/li>\n<li>Capacitaci\u00f3n en tem\u00e1ticas espec\u00edficas.<\/li>\n<li>Interacci\u00f3n con organismos e instituciones del medio.<\/li>\n<li>Adquisici\u00f3n de bienes de capital y de insumos para la producci\u00f3n.<\/li>\n<li>Acondicionamiento de infraestructura complementaria por un monto no superior al 20% del monto total solicitado.<\/li>\n<\/ul>\n<h3>A d\u00f3nde dirigirse?<\/h3>\n<p>Para conocer m\u00e1s sobre los Centros de Servicios de Atenci\u00f3n a las MiPyMES, acercate a las Oficinas de Empleo de:<\/p>\n<p><strong><a title=\"Oficinas y Unidades de Empleo\" href=\"http:\/\/181.14.240.59\/Portal\/oficinas-y-unidades-de-empleo\/\" target=\"_blank\">Aguilares<br \/>\n<\/a><\/strong>Responsable: Marcos Fabi\u00e1n Toledo.<br \/>\nTel\u00e9fono: (03865) 481785 \/ 483161.<br \/>\nDirecci\u00f3n: J. B. Alberdi 1ra cuadra &#8211; Ex Hospital Aguilares.<br \/>\nE-mail:\u00a0<a href=\"mailto:aguilares@empleotucuman.gob.ar\">aguilares@empleotucuman.gob.ar<\/a><\/p>\n<p><a title=\"Oficinas y Unidades de Empleo\" href=\"http:\/\/181.14.240.59\/Portal\/oficinas-y-unidades-de-empleo\/\" target=\"_blank\"><strong>La Cocha<\/strong><br \/>\n<\/a>Contacto: Mar\u00eda In\u00e9s Brynko.<br \/>\nTel\u00e9fono: (03865) 496340.<br \/>\nDirecci\u00f3n: San Mart\u00edn NORTE 55.<br \/>\nE-mail:\u00a0<a href=\"mailto:lacocha@empleotucuman.gob.ar\">lacocha@empleotucuman.gob.ar<\/a><\/p>\n<p><a title=\"Oficinas y Unidades de Empleo\" href=\"http:\/\/181.14.240.59\/Portal\/oficinas-y-unidades-de-empleo\/\" target=\"_blank\"><strong>Lules<\/strong><br \/>\n<\/a>Contacto: Edmundo Daniel Aron.<br \/>\nTel\u00e9fono: (0381) 4810068.<br \/>\nDirecci\u00f3n: Alte. Brown 351.<br \/>\nE-mail:\u00a0<a href=\"mailto:lules@empleotucuman.gob.ar\">lules@empleotucuman.gob.ar<\/a><\/p>\n<p><a title=\"Oficinas y Unidades de Empleo\" href=\"http:\/\/181.14.240.59\/Portal\/oficinas-y-unidades-de-empleo\/\" target=\"_blank\"><strong>Monteros<\/strong><br \/>\n<\/a>Contacto: Mercedes Reinhold.<br \/>\nTel\u00e9fono: (03863) 428853.<br \/>\nDirecci\u00f3n: 25 de Mayo 261.<br \/>\nE-mail:\u00a0<a href=\"mailto:monteros@empleotucuman.gob.ar\">monteros@empleotucuman.gob.ar<\/a><\/p>\n<p><button class=\"pdf\"><a href=\"http:\/\/181.14.240.59\/Portal\/wp-content\/uploads\/2014\/03\/GUIA-TERMINADA.pdf\" download><span>Descargar archivo<\/span><\/a><\/button><\/p>\n","protected":false},"excerpt":{"rendered":"<p>L\u00ednea de Entramados Productivos Locales Objetivos Espacios orientados a brindar asistencia t\u00e9cnica y capacitaci\u00f3n, destinadas a proveer servicios que intervienen en el proceso de producci\u00f3n de las actividades de los peque\u00f1os productores y microempresarios locales. Los servicios\u00a0 ofrecidos deben resultar accesibles para sus destinatarios. Destinatarios Peque\u00f1os productores. Microempresarios. Trabajadores desocupados. Trabajadores independientes. Beneficios Apoyo en [&hellip;]<\/p>\n","protected":false},"author":12,"featured_media":629,"parent":15,"menu_order":148,"comment_status":"open","ping_status":"open","template":"","meta":[],"_links":{"self":[{"href":"http:\/\/portal.empleotucuman.gob.ar\/Portal\/index.php?rest_route=\/wp\/v2\/pages\/218"}],"collection":[{"href":"http:\/\/portal.empleotucuman.gob.ar\/Portal\/index.php?rest_route=\/wp\/v2\/pages"}],"about":[{"href":"http:\/\/portal.empleotucuman.gob.ar\/Portal\/index.php?rest_route=\/wp\/v2\/types\/page"}],"author":[{"embeddable":true,"href":"http:\/\/portal.empleotucuman.gob.ar\/Portal\/index.php?rest_route=\/wp\/v2\/users\/12"}],"replies":[{"embeddable":true,"href":"http:\/\/portal.empleotucuman.gob.ar\/Portal\/index.php?rest_route=%2Fwp%2Fv2%2Fcomments&post=218"}],"version-history":[{"count":0,"href":"http:\/\/portal.empleotucuman.gob.ar\/Portal\/index.php?rest_route=\/wp\/v2\/pages\/218\/revisions"}],"up":[{"embeddable":true,"href":"http:\/\/portal.empleotucuman.gob.ar\/Portal\/index.php?rest_route=\/wp\/v2\/pages\/15"}],"wp:featuredmedia":[{"embeddable":true,"href":"http:\/\/portal.empleotucuman.gob.ar\/Portal\/index.php?rest_route=\/wp\/v2\/media\/629"}],"wp:attachment":[{"href":"http:\/\/portal.empleotucuman.gob.ar\/Portal\/index.php?rest_route=%2Fwp%2Fv2%2Fmedia&parent=218"}],"curies":[{"name":"wp","href":"https:\/\/api.w.org\/{rel}","templated":true}]}}