
{"id":210,"date":"2014-03-06T20:14:13","date_gmt":"2014-03-06T20:14:13","guid":{"rendered":"http:\/\/181.14.240.59\/Portal\/?page_id=210"},"modified":"2020-08-25T11:27:35","modified_gmt":"2020-08-25T14:27:35","slug":"acciones-de-entrenamiento-para-el-trabajo-trabajadoresas-con-discapacidad","status":"publish","type":"page","link":"http:\/\/portal.empleotucuman.gob.ar\/Portal\/?page_id=210","title":{"rendered":"Acciones de Entrenamiento para el Trabajo: Trabajadores\/as con Discapacidad"},"content":{"rendered":"<blockquote>\n<h2 align=\"left\">Objetivos<\/h2>\n<p align=\"left\">Favorecer la adquisici\u00f3n de experiencia y conocimientos de las personas con discapacidad en oficios con demanda local, mediante su capacitaci\u00f3n y pr\u00e1ctica en un puesto de trabajo.<\/p>\n<\/blockquote>\n<h3 align=\"left\">Destinatarios<\/h3>\n<ul>\n<li>Trabajadores\/as con discapacidad desocupados mayores de 18 a\u00f1os.<\/li>\n<li>Organismos p\u00fablicos, empresas privadas e instituciones sin fines de lucro interesados en capacitar y fortalecer las competencias laborales de los trabajadores con discapacidad.<\/li>\n<\/ul>\n<h3 align=\"left\">Beneficios<\/h3>\n<ul>\n<li>Actividades de pr\u00e1ctica en el puesto de trabajo y acciones de capacitaci\u00f3n.<\/li>\n<li>Duraci\u00f3n de 1 a 8 meses, con una carga horaria de entre 15 y 30 horas semanales.<\/li>\n<li>Los beneficiarios percibir\u00e1n una ayuda econ\u00f3mica mensual de $7500.<\/li>\n<li>Adquisici\u00f3n de competencias laborales mediante pr\u00e1cticas en puestos de trabajo<\/li>\n<li>La empresa reconoce al trabajador en su desempe\u00f1o concreto durante su entrenamiento y a la vez forma recursos humanos seg\u00fan sus necesidades.<\/li>\n<li>Asistencia econ\u00f3mica a las empresas para el desarrollo de proyectos en caso que corresponda.<\/li>\n<\/ul>\n<h3 align=\"left\">Modalidad<\/h3>\n<ul>\n<li>El organismo deber\u00e1 formular un proyecto de entrenamiento, designar un tutor y certificar las actividades del proyecto, teniendo en cuenta las demandas de entrenamiento y las posibilidades de inserci\u00f3n laboral en la regi\u00f3n.<\/li>\n<\/ul>\n","protected":false},"excerpt":{"rendered":"<p>Objetivos Favorecer la adquisici\u00f3n de experiencia y conocimientos de las personas con discapacidad en oficios con demanda local, mediante su capacitaci\u00f3n y pr\u00e1ctica en un puesto de trabajo. Destinatarios Trabajadores\/as con discapacidad desocupados mayores de 18 a\u00f1os. Organismos p\u00fablicos, empresas privadas e instituciones sin fines de lucro interesados en capacitar y fortalecer las competencias laborales [&hellip;]<\/p>\n","protected":false},"author":12,"featured_media":0,"parent":19,"menu_order":194,"comment_status":"open","ping_status":"open","template":"","meta":[],"_links":{"self":[{"href":"http:\/\/portal.empleotucuman.gob.ar\/Portal\/index.php?rest_route=\/wp\/v2\/pages\/210"}],"collection":[{"href":"http:\/\/portal.empleotucuman.gob.ar\/Portal\/index.php?rest_route=\/wp\/v2\/pages"}],"about":[{"href":"http:\/\/portal.empleotucuman.gob.ar\/Portal\/index.php?rest_route=\/wp\/v2\/types\/page"}],"author":[{"embeddable":true,"href":"http:\/\/portal.empleotucuman.gob.ar\/Portal\/index.php?rest_route=\/wp\/v2\/users\/12"}],"replies":[{"embeddable":true,"href":"http:\/\/portal.empleotucuman.gob.ar\/Portal\/index.php?rest_route=%2Fwp%2Fv2%2Fcomments&post=210"}],"version-history":[{"count":1,"href":"http:\/\/portal.empleotucuman.gob.ar\/Portal\/index.php?rest_route=\/wp\/v2\/pages\/210\/revisions"}],"predecessor-version":[{"id":11516,"href":"http:\/\/portal.empleotucuman.gob.ar\/Portal\/index.php?rest_route=\/wp\/v2\/pages\/210\/revisions\/11516"}],"up":[{"embeddable":true,"href":"http:\/\/portal.empleotucuman.gob.ar\/Portal\/index.php?rest_route=\/wp\/v2\/pages\/19"}],"wp:attachment":[{"href":"http:\/\/portal.empleotucuman.gob.ar\/Portal\/index.php?rest_route=%2Fwp%2Fv2%2Fmedia&parent=210"}],"curies":[{"name":"wp","href":"https:\/\/api.w.org\/{rel}","templated":true}]}}