
{"id":205,"date":"2014-03-06T20:08:10","date_gmt":"2014-03-06T20:08:10","guid":{"rendered":"http:\/\/181.14.240.59\/Portal\/?page_id=205"},"modified":"2014-03-13T19:34:57","modified_gmt":"2014-03-13T22:34:57","slug":"construir-empleo","status":"publish","type":"page","link":"http:\/\/portal.empleotucuman.gob.ar\/Portal\/?page_id=205","title":{"rendered":"Programa Construir Empleo"},"content":{"rendered":"<p align=\"left\"><em>La obra p\u00fablica: motor de crecimiento del empleo<\/em><\/p>\n<blockquote>\n<h2 align=\"left\">Objetivos<\/h2>\n<p align=\"left\">Facilitar la inserci\u00f3n de trabajadores desocupados en obras p\u00fablicas locales.<br \/>\nOfrecer entrenamiento laboral.<\/p>\n<\/blockquote>\n<h3 align=\"left\">Destinatarios<\/h3>\n<ul>\n<li>Beneficiarios del Seguro de Capacitaci\u00f3n y Empleo.<\/li>\n<li>Beneficiarios del Programa J\u00f3venes Con M\u00e1s y Mejor Trabajo.<\/li>\n<li>Beneficiarios del Programa Promover L\u00ednea 2.<\/li>\n<li>Trabajadores nucleados en cooperativas de trabajo de la construcci\u00f3n.<\/li>\n<\/ul>\n<h3 align=\"left\">Beneficios<\/h3>\n<ul>\n<li>Inserci\u00f3n laboral.<\/li>\n<li>Calificaci\u00f3n de mano de obra en competencias laborales dentro del sector de la construcci\u00f3n, a trav\u00e9s de pr\u00e1cticas intensivas en el lugar trabajo.<\/li>\n<li>Financiamiento para la compra de ropa y herramientas de trabajo, y de elementos de seguridad.<\/li>\n<li>Financiamiento para tutor\u00eda.<\/li>\n<li>Financiamiento de mano de obra.<\/li>\n<li>Subsidio de hasta el 80% del total de materiales destinados a la instituci\u00f3n interesada en implementar el proyecto.<\/li>\n<\/ul>\n<h3 align=\"left\">Modalidad<\/h3>\n<ul>\n<li>Las obras de construcci\u00f3n se realizan en el marco de un \u201cPlan de Obra\u201d que el organismo responsable dise\u00f1a.<\/li>\n<li>Las obras pueden ser:\n<ul>\n<li>De construcci\u00f3n: obras nuevas o ampliaci\u00f3n de las existentes.<\/li>\n<li>Mejoramiento edilicio: orientada a la refacci\u00f3n, reacomodamiento o mejora de lo existente.<\/li>\n<\/ul>\n<\/li>\n<li>El tipo de obra corresponde a:\n<ul>\n<li>Promoci\u00f3n de empleo: Oficinas o Unidades de Empleo, jardines de cosecha (empleo rural), \u00e1reas recreativas o tur\u00edsticas, infraestructura vinculada a capacitaci\u00f3n de inter\u00e9s comunitario general, infraestructura de salud, educativa, deportiva, social, redes de agua y saneamiento urbano.<\/li>\n<\/ul>\n<\/li>\n<\/ul>\n","protected":false},"excerpt":{"rendered":"<p>La obra p\u00fablica: motor de crecimiento del empleo Objetivos Facilitar la inserci\u00f3n de trabajadores desocupados en obras p\u00fablicas locales. Ofrecer entrenamiento laboral. Destinatarios Beneficiarios del Seguro de Capacitaci\u00f3n y Empleo. Beneficiarios del Programa J\u00f3venes Con M\u00e1s y Mejor Trabajo. Beneficiarios del Programa Promover L\u00ednea 2. Trabajadores nucleados en cooperativas de trabajo de la construcci\u00f3n. Beneficios [&hellip;]<\/p>\n","protected":false},"author":12,"featured_media":630,"parent":19,"menu_order":195,"comment_status":"open","ping_status":"open","template":"","meta":[],"_links":{"self":[{"href":"http:\/\/portal.empleotucuman.gob.ar\/Portal\/index.php?rest_route=\/wp\/v2\/pages\/205"}],"collection":[{"href":"http:\/\/portal.empleotucuman.gob.ar\/Portal\/index.php?rest_route=\/wp\/v2\/pages"}],"about":[{"href":"http:\/\/portal.empleotucuman.gob.ar\/Portal\/index.php?rest_route=\/wp\/v2\/types\/page"}],"author":[{"embeddable":true,"href":"http:\/\/portal.empleotucuman.gob.ar\/Portal\/index.php?rest_route=\/wp\/v2\/users\/12"}],"replies":[{"embeddable":true,"href":"http:\/\/portal.empleotucuman.gob.ar\/Portal\/index.php?rest_route=%2Fwp%2Fv2%2Fcomments&post=205"}],"version-history":[{"count":0,"href":"http:\/\/portal.empleotucuman.gob.ar\/Portal\/index.php?rest_route=\/wp\/v2\/pages\/205\/revisions"}],"up":[{"embeddable":true,"href":"http:\/\/portal.empleotucuman.gob.ar\/Portal\/index.php?rest_route=\/wp\/v2\/pages\/19"}],"wp:featuredmedia":[{"embeddable":true,"href":"http:\/\/portal.empleotucuman.gob.ar\/Portal\/index.php?rest_route=\/wp\/v2\/media\/630"}],"wp:attachment":[{"href":"http:\/\/portal.empleotucuman.gob.ar\/Portal\/index.php?rest_route=%2Fwp%2Fv2%2Fmedia&parent=205"}],"curies":[{"name":"wp","href":"https:\/\/api.w.org\/{rel}","templated":true}]}}