
{"id":179,"date":"2014-03-06T18:04:35","date_gmt":"2014-03-06T18:04:35","guid":{"rendered":"http:\/\/181.14.240.59\/Portal\/?page_id=179"},"modified":"2014-03-06T18:04:35","modified_gmt":"2014-03-06T18:04:35","slug":"regimen-de-credito-fiscal-del-mteyss-para-pyme-y-gran-empresa","status":"publish","type":"page","link":"http:\/\/portal.empleotucuman.gob.ar\/Portal\/?page_id=179","title":{"rendered":"R\u00e9gimen de Cr\u00e9dito Fiscal del MTEySS  para Pyme y Gran Empresa"},"content":{"rendered":"<blockquote>\n<h2 align=\"left\">Objetivos<\/h2>\n<p align=\"left\">Incentivar a empresas, por medio de financiamiento, a generar proyectos de formaci\u00f3n, capacitaci\u00f3n y entrenamiento laboral para trabajadores y trabajadoras.<\/p>\n<\/blockquote>\n<h3 align=\"left\">Destinatarios<\/h3>\n<ul>\n<li>PyMEs y grandes empresas.<\/li>\n<\/ul>\n<h3 align=\"left\">Beneficios<\/h3>\n<ul>\n<li>Apoyo econ\u00f3mico para la formaci\u00f3n profesional.<\/li>\n<li>Apoyo para la formaci\u00f3n en inform\u00e1tica b\u00e1sica.<\/li>\n<li>Evaluaci\u00f3n y certificaci\u00f3n de competencias laborales.<\/li>\n<li>Formaci\u00f3n, entrenamiento y certificaci\u00f3n de estudios primarios, secundarios, terciarios y superiores.<\/li>\n<li>Las empresas reciben certificados de cr\u00e9dito fiscal.<\/li>\n<li>Reintegro de los costos de las acciones validadas mediante Cr\u00e9dito Fiscal a las Empresas.<\/li>\n<\/ul>\n<h3 align=\"left\">Modalidad<\/h3>\n<ul>\n<li>Los proyectos deben implicar fortalecimiento de competencias laborales de trabajadores\/as ocupados y desocupados y\/o adquisici\u00f3n de equipamiento nuevo destinado a la formaci\u00f3n profesional.<\/li>\n<li>Las Pymes y MiPymes podr\u00e1n afectar hasta el 8% de la planilla salarial anual para las acciones de formaci\u00f3n.<\/li>\n<\/ul>\n","protected":false},"excerpt":{"rendered":"<p>Objetivos Incentivar a empresas, por medio de financiamiento, a generar proyectos de formaci\u00f3n, capacitaci\u00f3n y entrenamiento laboral para trabajadores y trabajadoras. Destinatarios PyMEs y grandes empresas. Beneficios Apoyo econ\u00f3mico para la formaci\u00f3n profesional. Apoyo para la formaci\u00f3n en inform\u00e1tica b\u00e1sica. Evaluaci\u00f3n y certificaci\u00f3n de competencias laborales. Formaci\u00f3n, entrenamiento y certificaci\u00f3n de estudios primarios, secundarios, terciarios [&hellip;]<\/p>\n","protected":false},"author":12,"featured_media":0,"parent":21,"menu_order":174,"comment_status":"open","ping_status":"open","template":"","meta":[],"_links":{"self":[{"href":"http:\/\/portal.empleotucuman.gob.ar\/Portal\/index.php?rest_route=\/wp\/v2\/pages\/179"}],"collection":[{"href":"http:\/\/portal.empleotucuman.gob.ar\/Portal\/index.php?rest_route=\/wp\/v2\/pages"}],"about":[{"href":"http:\/\/portal.empleotucuman.gob.ar\/Portal\/index.php?rest_route=\/wp\/v2\/types\/page"}],"author":[{"embeddable":true,"href":"http:\/\/portal.empleotucuman.gob.ar\/Portal\/index.php?rest_route=\/wp\/v2\/users\/12"}],"replies":[{"embeddable":true,"href":"http:\/\/portal.empleotucuman.gob.ar\/Portal\/index.php?rest_route=%2Fwp%2Fv2%2Fcomments&post=179"}],"version-history":[{"count":0,"href":"http:\/\/portal.empleotucuman.gob.ar\/Portal\/index.php?rest_route=\/wp\/v2\/pages\/179\/revisions"}],"up":[{"embeddable":true,"href":"http:\/\/portal.empleotucuman.gob.ar\/Portal\/index.php?rest_route=\/wp\/v2\/pages\/21"}],"wp:attachment":[{"href":"http:\/\/portal.empleotucuman.gob.ar\/Portal\/index.php?rest_route=%2Fwp%2Fv2%2Fmedia&parent=179"}],"curies":[{"name":"wp","href":"https:\/\/api.w.org\/{rel}","templated":true}]}}