
{"id":174,"date":"2014-03-06T18:00:09","date_gmt":"2014-03-06T18:00:09","guid":{"rendered":"http:\/\/181.14.240.59\/Portal\/?page_id=174"},"modified":"2014-03-06T18:00:09","modified_gmt":"2014-03-06T18:00:09","slug":"programa-de-formacion-para-el-trabajo-terminalidad-educativa","status":"publish","type":"page","link":"http:\/\/portal.empleotucuman.gob.ar\/Portal\/?page_id=174","title":{"rendered":"Programa de Formaci\u00f3n para el Trabajo: Terminalidad Educativa"},"content":{"rendered":"<blockquote>\n<h2 align=\"left\">Objetivos<\/h2>\n<p align=\"left\">Mejorar la calificaci\u00f3n laboral de la poblaci\u00f3n a trav\u00e9s de la certificaci\u00f3n de estudios formales y de formaci\u00f3n profesional.<\/p>\n<\/blockquote>\n<h3 align=\"left\">Destinatarios<\/h3>\n<ul>\n<li>Beneficiarios del seguro de capacitaci\u00f3n y empleo.<\/li>\n<li>Beneficiarios del programa\u00a0 j\u00f3venes con m\u00e1s y mejor trabajo.<\/li>\n<li>Grupos vulnerables mayores de 18 a\u00f1os: personas con discapacidad, poblaci\u00f3n carcelaria o en libertad asistida, personas con hiv, pueblos originarios residentes en la jurisdicci\u00f3n, etc.<\/li>\n<\/ul>\n<h3 align=\"left\">Beneficios<\/h3>\n<ul>\n<li>Formaci\u00f3n y orientaci\u00f3n profesional.<\/li>\n<li>Apoyo en la b\u00fasqueda de empleo.<\/li>\n<li>Modalidad presencial o semipresencial.<\/li>\n<li>Certificaci\u00f3n de estudios primarios y\/o secundarios.<\/li>\n<\/ul>\n<h3 align=\"left\">Modalidad<\/h3>\n<ul>\n<li>Se implementa a partir de convenios celebrados con las distintas jurisdicciones educativas provinciales en articulaci\u00f3n con otras \u00e1reas del estado, nacional, provincial o municipal.<\/li>\n<\/ul>\n","protected":false},"excerpt":{"rendered":"<p>Objetivos Mejorar la calificaci\u00f3n laboral de la poblaci\u00f3n a trav\u00e9s de la certificaci\u00f3n de estudios formales y de formaci\u00f3n profesional. Destinatarios Beneficiarios del seguro de capacitaci\u00f3n y empleo. Beneficiarios del programa\u00a0 j\u00f3venes con m\u00e1s y mejor trabajo. Grupos vulnerables mayores de 18 a\u00f1os: personas con discapacidad, poblaci\u00f3n carcelaria o en libertad asistida, personas con hiv, [&hellip;]<\/p>\n","protected":false},"author":12,"featured_media":0,"parent":21,"menu_order":172,"comment_status":"open","ping_status":"open","template":"","meta":[],"_links":{"self":[{"href":"http:\/\/portal.empleotucuman.gob.ar\/Portal\/index.php?rest_route=\/wp\/v2\/pages\/174"}],"collection":[{"href":"http:\/\/portal.empleotucuman.gob.ar\/Portal\/index.php?rest_route=\/wp\/v2\/pages"}],"about":[{"href":"http:\/\/portal.empleotucuman.gob.ar\/Portal\/index.php?rest_route=\/wp\/v2\/types\/page"}],"author":[{"embeddable":true,"href":"http:\/\/portal.empleotucuman.gob.ar\/Portal\/index.php?rest_route=\/wp\/v2\/users\/12"}],"replies":[{"embeddable":true,"href":"http:\/\/portal.empleotucuman.gob.ar\/Portal\/index.php?rest_route=%2Fwp%2Fv2%2Fcomments&post=174"}],"version-history":[{"count":0,"href":"http:\/\/portal.empleotucuman.gob.ar\/Portal\/index.php?rest_route=\/wp\/v2\/pages\/174\/revisions"}],"up":[{"embeddable":true,"href":"http:\/\/portal.empleotucuman.gob.ar\/Portal\/index.php?rest_route=\/wp\/v2\/pages\/21"}],"wp:attachment":[{"href":"http:\/\/portal.empleotucuman.gob.ar\/Portal\/index.php?rest_route=%2Fwp%2Fv2%2Fmedia&parent=174"}],"curies":[{"name":"wp","href":"https:\/\/api.w.org\/{rel}","templated":true}]}}