
{"id":14118,"date":"2024-04-29T12:09:44","date_gmt":"2024-04-29T15:09:44","guid":{"rendered":"http:\/\/portal.empleotucuman.gob.ar\/Portal\/?page_id=14118"},"modified":"2024-04-29T12:36:49","modified_gmt":"2024-04-29T15:36:49","slug":"programa-volver-al-trabajo","status":"publish","type":"page","link":"http:\/\/portal.empleotucuman.gob.ar\/Portal\/?page_id=14118","title":{"rendered":"Programa Volver al Trabajo"},"content":{"rendered":"<blockquote><p><strong>&gt;Objetivos<\/strong><\/p>\n<p>El programa Volver al Trabajo tiene como finalidad desarrollar y consolidar un nivel de competencias sociolaborales para sus beneficiarios que les permita alcanzar un nivel de empleabilidad inicial real y mejorar sus oportunidades de inserci\u00f3n laboral. Esto se realiza a trav\u00e9s de su participaci\u00f3n en actividades de formaci\u00f3n laboral, pr\u00e1cticas formativas en ambientes de trabajo y asistencia al desarrollo de emprendimientos productivos individuales o asociativos.<\/p><\/blockquote>\n<p><strong>&gt;Participantes<\/strong><\/p>\n<p>Personas que resulten transferidas desde el Programa Potenciar Trabajo, en el marco de lo establecido por el Decreto N\u00b0 198\/2024. <strong>NO HAY NUEVOS INGRESOS.<\/strong><\/p>\n<p><strong>&gt;Asignaci\u00f3n dineraria<\/strong><\/p>\n<p>Los beneficiarios percibir\u00e1n una asignaci\u00f3n dineraria mensual fija no remunerativa de pesos setenta y ocho mil ($78.000.-).<\/p>\n<p><strong>&gt;Vigencia<\/strong><\/p>\n<p>El programa tendr\u00e1 vigencia de veinticuatro (24) meses.<\/p>\n<p><strong>&gt;Prestaciones del programa<\/strong><\/p>\n<p>El programa brindar\u00e1 a sus beneficiarios:<\/p>\n<ul>\n<li>Servicios de orientaci\u00f3n laboral y asistencia en la b\u00fasqueda de empleo.<\/li>\n<li>Servicios de intermediaci\u00f3n laboral.<\/li>\n<li>Servicios de capacitaci\u00f3n laboral y certificaci\u00f3n de competencias laborales.<\/li>\n<li>Pr\u00e1cticas formativas en ambientes de trabajo.<\/li>\n<li>Acciones de promoci\u00f3n para la inserci\u00f3n en el trabajo asalariado registrado y en el trabajo independiente y autogestionado.<\/li>\n<li>Fortalecimiento de unidades productivas autogestionadas en forma individual, asociativa o familiar.<\/li>\n<li>Terminalidad Educativa o programas con objeto an\u00e1logo para el desarrollo de competencias b\u00e1sicas.<\/li>\n<\/ul>\n<p><strong>&gt;Obligaciones<\/strong><\/p>\n<p>Las personas beneficiarias del programa tendr\u00e1n las siguientes obligaciones generales:<\/p>\n<ul>\n<li>Mantener actualizada su informaci\u00f3n personal, v\u00edas de contacto e historia laboral en el <a href=\"https:\/\/www.portalempleo.gob.ar\/\" target=\"_blank\" rel=\"noopener\">Portal Empleo<\/a>.<\/li>\n<li>Participar por solicitud personal o por convocatoria de la Secretar\u00eda de Trabajo, Empleo y Seguridad Social en alguna de las prestaciones ofrecidas por el programa.<\/li>\n<li>Cumplir con las obligaciones establecidas en la normativa correspondiente a cada una de las prestaciones.<\/li>\n<li>Brindar toda documentaci\u00f3n o informaci\u00f3n que les sea requerida vinculada con su participaci\u00f3n en el presente programa.<\/li>\n<li>Comunicar de inmediato cualquier novedad referida al incurrimiento en alguno de los supuestos de incompatibilidad.<\/li>\n<li>Reintegrar las asignaciones dinerarias que indebidamente hubieran percibido.<\/li>\n<\/ul>\n<p><strong>&gt;Compatibilidades<\/strong><\/p>\n<p>La percepci\u00f3n de la asignaci\u00f3n dineraria del programa ser\u00e1 compatible para aquellas personas que:<\/p>\n<ul>\n<li>Perciban la Asignaci\u00f3n Universal por Hijo.<\/li>\n<li>Perciban la Asignaci\u00f3n Universal por Embarazo para Protecci\u00f3n Social.<\/li>\n<li>Perciban prestaciones econ\u00f3micas o materiales de naturaleza habitacional y\/o de protecci\u00f3n familiar otorgadas por el Estado Nacional, Provincial, Municipal o del Gobierno de la Ciudad Aut\u00f3noma de Buenos Aires.<\/li>\n<li>Reciban prestaciones de car\u00e1cter alimentario.<\/li>\n<li>Sean trabajadores independientes inscriptos en el Monotributo Social o Monotributo categor\u00eda A.<\/li>\n<li>Sean trabajadores registrados bajo el R\u00e9gimen Especial de Contrato de Trabajo para el Personal de Casas Particulares.<\/li>\n<li>Sean trabajadores rurales que realicen trabajos temporarios o estacionales.<\/li>\n<li>Registren un v\u00ednculo contractual de empleo p\u00fablico iniciado con posterioridad a su incorporaci\u00f3n al programa, con una remuneraci\u00f3n bruta mensual que no exceda el valor de TRES (3) Salarios M\u00ednimos, Vitales y M\u00f3viles.<\/li>\n<li>Registren un trabajo bajo relaci\u00f3n de dependencia en el sector privado por una relaci\u00f3n laboral iniciada con posterioridad a su incorporaci\u00f3n al programa, con una remuneraci\u00f3n bruta mensual que no exceda el valor de TRES (3) Salarios M\u00ednimos, Vitales y M\u00f3viles.<\/li>\n<li>Registren un empleo formal bajo relaci\u00f3n de dependencia encuadrado en el Programa de Inserci\u00f3n Laboral. En este supuesto de compatibilidad no ser\u00e1 aplicable el l\u00edmite m\u00e1ximo de TRES (3) Salarios M\u00ednimos, Vitales y M\u00f3viles para las remuneraciones.<\/li>\n<\/ul>\n<p><strong>&gt;Incompatibilidades<\/strong><\/p>\n<p>La percepci\u00f3n de la asignaci\u00f3n dineraria del programa ser\u00e1 incompatible para aquellas personas que:<\/p>\n<ul>\n<li>Sean pr\u00f3fugos de la justicia penal y\/o correccional nacional, provincial o federal.<\/li>\n<li>Se encuentren registradas como empleadoras en el Sistema Integrado Previsional Argentino (SIPA).<\/li>\n<li>Perciban un subsidio o prestaci\u00f3n monetaria no reintegrable con fines de empleo y\/o capacitaci\u00f3n otorgado por el Estado Nacional, Provincial, Municipal o del Gobierno de la Ciudad Aut\u00f3noma de Buenos Aires.<\/li>\n<li>Sean titulares de m\u00e1s de UN (1) bien inmueble.<\/li>\n<li>Sean titulares de un automotor, embarcaciones y\/o aeronaves, cuya antig\u00fcedad sea menor a DIEZ (10) a\u00f1os.<\/li>\n<li>Perciban jubilaciones y pensiones contributivas y no contributivas.<\/li>\n<li>Perciban prestaci\u00f3n o subsidio por desempleo.<\/li>\n<li>Posean un empleo formal bajo relaci\u00f3n de dependencia, salvo los contemplados en las compatibilidades.<\/li>\n<li>Sean trabajadores independientes registrados, salvo los inscriptos en el Monotributo Social o Monotributo categor\u00eda A.<\/li>\n<li>Hayan viajado al exterior tiempo suficiente que impida cumplir con la contraprestaci\u00f3n correspondiente o a destinos que, por sus caracter\u00edsticas \u2014y a criterio de la Autoridad de Aplicaci\u00f3n\u2014 sean consistentes con ingresos mayores a los previstos en las compatibilidades establecidas.<\/li>\n<\/ul>\n<p><strong>&gt;Causales de egreso<\/strong><\/p>\n<p>Ser\u00e1n causales de egreso de las personas participantes del programa las siguientes:<\/p>\n<ul>\n<li>El que impidiere, estorbare o entorpeciere el normal funcionamiento de los transportes por tierra, subterr\u00e1neo, agua o aire o no permitiere a terceros movilizarse libremente por la v\u00eda p\u00fablica ser\u00e1 egresado del programa en forma inmediata procedi\u00e9ndose a suspender el pago del beneficio.<\/li>\n<li>Incurrir en actos de violencia que importen la alteraci\u00f3n del orden p\u00fablico, que hayan sido notificados de manera fehaciente por los organismos competentes.<\/li>\n<li>Fallecimiento del titular.<\/li>\n<li>Por renuncia expresa del titular.<\/li>\n<li>Por falsedad de las declaraciones juradas debidamente constatada.<\/li>\n<li>Por incurrir en alguna causal de las incompatibilidades previstas.<\/li>\n<\/ul>\n<blockquote><p><strong>POR CUALQUIER INFORMACI\u00d3N DEBES DIRIGIRTE A LA OFICINA DE EMPLEO MAS CERCANA A TU DOMICILIO. <\/strong><\/p><\/blockquote>\n","protected":false},"excerpt":{"rendered":"<p>&gt;Objetivos El programa Volver al Trabajo tiene como finalidad desarrollar y consolidar un nivel de competencias sociolaborales para sus beneficiarios que les permita alcanzar un nivel de empleabilidad inicial real y mejorar sus oportunidades de inserci\u00f3n laboral. Esto se realiza a trav\u00e9s de su participaci\u00f3n en actividades de formaci\u00f3n laboral, pr\u00e1cticas formativas en ambientes de [&hellip;]<\/p>\n","protected":false},"author":2,"featured_media":14127,"parent":0,"menu_order":0,"comment_status":"closed","ping_status":"closed","template":"","meta":[],"_links":{"self":[{"href":"http:\/\/portal.empleotucuman.gob.ar\/Portal\/index.php?rest_route=\/wp\/v2\/pages\/14118"}],"collection":[{"href":"http:\/\/portal.empleotucuman.gob.ar\/Portal\/index.php?rest_route=\/wp\/v2\/pages"}],"about":[{"href":"http:\/\/portal.empleotucuman.gob.ar\/Portal\/index.php?rest_route=\/wp\/v2\/types\/page"}],"author":[{"embeddable":true,"href":"http:\/\/portal.empleotucuman.gob.ar\/Portal\/index.php?rest_route=\/wp\/v2\/users\/2"}],"replies":[{"embeddable":true,"href":"http:\/\/portal.empleotucuman.gob.ar\/Portal\/index.php?rest_route=%2Fwp%2Fv2%2Fcomments&post=14118"}],"version-history":[{"count":3,"href":"http:\/\/portal.empleotucuman.gob.ar\/Portal\/index.php?rest_route=\/wp\/v2\/pages\/14118\/revisions"}],"predecessor-version":[{"id":14121,"href":"http:\/\/portal.empleotucuman.gob.ar\/Portal\/index.php?rest_route=\/wp\/v2\/pages\/14118\/revisions\/14121"}],"wp:featuredmedia":[{"embeddable":true,"href":"http:\/\/portal.empleotucuman.gob.ar\/Portal\/index.php?rest_route=\/wp\/v2\/media\/14127"}],"wp:attachment":[{"href":"http:\/\/portal.empleotucuman.gob.ar\/Portal\/index.php?rest_route=%2Fwp%2Fv2%2Fmedia&parent=14118"}],"curies":[{"name":"wp","href":"https:\/\/api.w.org\/{rel}","templated":true}]}}